{"id":658,"date":"2023-02-24T19:06:09","date_gmt":"2023-02-25T00:06:09","guid":{"rendered":"https:\/\/tbg.nrr.temporary.site\/website_64a21a8e\/?page_id=658"},"modified":"2024-05-01T19:41:45","modified_gmt":"2024-05-02T00:41:45","slug":"antecedentes","status":"publish","type":"page","link":"https:\/\/tbg.nrr.temporary.site\/website_64a21a8e\/antecedentes\/","title":{"rendered":"ANTECEDENTES"},"content":{"rendered":"<style id=\"wp_carousel_dynamic_css1106\">#sp-wp-carousel-free-id-1106 .wpcp-swiper-dots {margin: 40px 0px 0px 0px;}.wpcp-wrapper-1106 .swiper-wrapper .swiper-slide-kenburn, .wpcp-wrapper-1106 .swiper-wrapper, .wpcp-wrapper-1106 .wpcpro-row{align-items: center;}#sp-wp-carousel-free-id-1106 .wpcp-single-item {box-shadow: 0px 0px 0px 0px #dddddd;transition: all .3s;margin: 0px;}#sp-wp-carousel-free-id-1106.swiper-flip .wpcp-single-item{margin: 0!important;}#sp-wp-carousel-free-id-1106 .wpcp-single-item:hover {box-shadow: 0px 0px 0px 0px #dddddd;}#sp-wp-carousel-free-id-1106.sp-wpcp-1106 .wpcp-single-item {border: 1px solid #dddddd;}#sp-wp-carousel-free-id-1106.sp-wpcp-1106 .swiper-button-prev,#sp-wp-carousel-free-id-1106.sp-wpcp-1106 .swiper-button-next,#sp-wp-carousel-free-id-1106.sp-wpcp-1106 .swiper-button-prev:hover,#sp-wp-carousel-free-id-1106.sp-wpcp-1106 .swiper-button-next:hover {background: none;border: none;font-size: 30px;}#sp-wp-carousel-free-id-1106.sp-wpcp-1106 .swiper-button-prev i,#sp-wp-carousel-free-id-1106.sp-wpcp-1106 .swiper-button-next i {color: #aaa;}#sp-wp-carousel-free-id-1106.sp-wpcp-1106 .swiper-button-prev i:hover,#sp-wp-carousel-free-id-1106.sp-wpcp-1106 .swiper-button-next i:hover {color: #178087;}#sp-wp-carousel-free-id-1106.sp-wpcp-1106 .wpcp-swiper-dots .swiper-pagination-bullet {background-color: #cccccc;}#sp-wp-carousel-free-id-1106.sp-wpcp-1106 .wpcp-swiper-dots .swiper-pagination-bullet.swiper-pagination-bullet-active {background-color: #178087;} #sp-wp-carousel-free-id-1106.sp-wpcp-1106.wpcp-image-carousel .wpcp-single-item:hover img, #sp-wp-carousel-free-id-1106.sp-wpcp-1106.wpcp-post-carousel .wpcp-single-item:hover img, #sp-wp-carousel-free-id-1106.sp-wpcp-1106.wpcp-product-carousel .wpcp-single-item:hover img{-webkit-transform: scale(1.2);-moz-transform: scale(1.2);transform: scale(1.2);}#sp-wp-carousel-free-id-1106 .wpcpro-row>[class*=\"wpcpro-col-\"] { padding: 0 10px; padding-bottom: 20px;} #sp-wp-carousel-free-id-1106 .swiper-slide .single-item-fade:not(:last-child) { margin-right: 20px;}@media (min-width: 480px) { .wpcpro-row .wpcpro-col-sm-1 { flex: 0 0 100%; max-width: 100%; } .wpcpro-row .wpcpro-col-sm-2 { flex: 0 0 50%; max-width: 50%; } .wpcpro-row .wpcpro-col-sm-2-5 { flex: 0 0 75%; max-width: 75%; } .wpcpro-row .wpcpro-col-sm-3 { flex: 0 0 33.333%; max-width: 33.333%; } .wpcpro-row .wpcpro-col-sm-4 { flex: 0 0 25%; max-width: 25%; } .wpcpro-row .wpcpro-col-sm-5 { flex: 0 0 20%; max-width: 20%; } .wpcpro-row .wpcpro-col-sm-6 { flex: 0 0 16.66666666666667%; max-width: 16.66666666666667%; } .wpcpro-row .wpcpro-col-sm-7 { flex: 0 0 14.28571428%; max-width: 14.28571428%; } .wpcpro-row .wpcpro-col-sm-8 { flex: 0 0 12.5%; max-width: 12.5%; } } @media (max-width: 480px) { .wpcpro-row .wpcpro-col-xs-1 { flex: 0 0 100%; max-width: 100%; } .wpcpro-row .wpcpro-col-xs-2 { flex: 0 0 50%; max-width: 50%; } .wpcpro-row .wpcpro-col-xs-3 { flex: 0 0 33.222%; max-width: 33.222%; } .wpcpro-row .wpcpro-col-xs-4 { flex: 0 0 25%; max-width: 25%; } .wpcpro-row .wpcpro-col-xs-5 { flex: 0 0 20%; max-width: 20%; } .wpcpro-row .wpcpro-col-xs-6 { flex: 0 0 16.6667%; max-width: 16.6667%; } .wpcpro-row .wpcpro-col-xs-7 { flex: 0 0 14.28571428%; max-width: 14.28571428%; } .wpcpro-row .wpcpro-col-xs-8 { flex: 0 0 12.5%; max-width: 12.5%; } } @media (min-width: 736px) { .wpcpro-row .wpcpro-col-md-1 { flex: 0 0 100%; max-width: 100%; } .wpcpro-row .wpcpro-col-md-2 { flex: 0 0 50%; max-width: 50%; } .wpcpro-row .wpcpro-col-md-2-5 { flex: 0 0 75%; max-width: 75%; } .wpcpro-row .wpcpro-col-md-3 { flex: 0 0 33.333%; max-width: 33.333%; } .wpcpro-row .wpcpro-col-md-4 { flex: 0 0 25%; max-width: 25%; } .wpcpro-row .wpcpro-col-md-5 { flex: 0 0 20%; max-width: 20%; } .wpcpro-row .wpcpro-col-md-6 { flex: 0 0 16.66666666666667%; max-width: 16.66666666666667%; } .wpcpro-row .wpcpro-col-md-7 { flex: 0 0 14.28571428%; max-width: 14.28571428%; } .wpcpro-row .wpcpro-col-md-8 { flex: 0 0 12.5%; max-width: 12.5%; } } @media (min-width: 980px) { .wpcpro-row .wpcpro-col-lg-1 { flex: 0 0 100%; max-width: 100%; } .wpcpro-row .wpcpro-col-lg-2 { flex: 0 0 50%; max-width: 50%; } .wpcpro-row .wpcpro-col-lg-3 { flex: 0 0 33.222%; max-width: 33.222%; } .wpcpro-row .wpcpro-col-lg-4 { flex: 0 0 25%; max-width: 25%; } .wpcpro-row .wpcpro-col-lg-5 { flex: 0 0 20%; max-width: 20%; } .wpcpro-row .wpcpro-col-lg-6 { flex: 0 0 16.6667%; max-width: 16.6667%; } .wpcpro-row .wpcpro-col-lg-7 { flex: 0 0 14.28571428%; max-width: 14.28571428%; } .wpcpro-row .wpcpro-col-lg-8 { flex: 0 0 12.5%; max-width: 12.5%; } } @media (min-width: 1200px) { .wpcpro-row .wpcpro-col-xl-1 { flex: 0 0 100%; max-width: 100%; } .wpcpro-row .wpcpro-col-xl-2 { flex: 0 0 50%; max-width: 50%; } .wpcpro-row .wpcpro-col-xl-3 { flex: 0 0 33.22222222%; max-width: 33.22222222%; } .wpcpro-row .wpcpro-col-xl-4 { flex: 0 0 25%; max-width: 25%; } .wpcpro-row .wpcpro-col-xl-5 { flex: 0 0 20%; max-width: 20%; } .wpcpro-row .wpcpro-col-xl-6 { flex: 0 0 16.66667%; max-width: 16.66667%; } .wpcpro-row .wpcpro-col-xl-7 { flex: 0 0 14.28571428%; max-width: 14.28571428%; } .wpcpro-row .wpcpro-col-xl-8 { flex: 0 0 12.5%; max-width: 12.5%; } }<\/style><div class=\"wpcp-carousel-wrapper wpcp-wrapper-1106\">\n\t<div id=\"wpcp-preloader-1106\" class=\"wpcp-carousel-preloader\"><img decoding=\"async\" src=\"https:\/\/tbg.nrr.temporary.site\/website_64a21a8e\/wp-content\/plugins\/wp-carousel-free\/public\/css\/spinner.svg\" alt=\"Preloader Image\" \/><\/div>\t<div class=\"wpcp-carousel-content-wrapper\">\n\t<div id=\"sp-wp-carousel-free-id-1106\" class=\"wpcp-carousel-section sp-wpcp-1106  nav-vertical-center wpcp-image-carousel wpcp-preloader wpcp-standard\" data-swiper='{ &quot;accessibility&quot;:true, &quot;spaceBetween&quot;:20, &quot;arrows&quot;:true, &quot;freeMode&quot;: false, &quot;autoplay&quot;:true, &quot;effect&quot;: &quot;&quot;, &quot;centerMode&quot;: false, &quot;autoplaySpeed&quot;:3000, &quot;dots&quot;:true, &quot;infinite&quot;:true, &quot;speed&quot;:600, &quot;pauseOnHover&quot;:true,\n\t\t\t&quot;slidesToShow&quot;:{&quot;lg_desktop&quot;:1, &quot;desktop&quot;: 4, &quot;laptop&quot;: 3, &quot;tablet&quot;: 2, &quot;mobile&quot;: 1}, &quot;responsive&quot;:{&quot;desktop&quot;:1200, &quot;laptop&quot;: 980, &quot;tablet&quot;: 736, &quot;mobile&quot;: 480}, &quot;rtl&quot;:false, &quot;lazyLoad&quot;: &quot;false&quot;, &quot;swipe&quot;: true, &quot;draggable&quot;: true, &quot;swipeToSlide&quot;:false }' dir=\"ltr\">\n\t\t<div class=\"swiper-wrapper\">\n\t\t<div class=\"swiper-slide\">\n\t<div class=\"wpcp-single-item\">\n\t\t\t<a class=\"wcp-light-box\" data-buttons='[\"close\"]' data-wpc_url='https:\/\/tbg.nrr.temporary.site\/website_64a21a8e\/wp-content\/uploads\/2024\/04\/M01-300x167.jpg' href=\"https:\/\/tbg.nrr.temporary.site\/website_64a21a8e\/wp-content\/uploads\/2024\/04\/M01.jpg\" data-fancybox=\"wpcp_view\">\n\t\t<figure>\n\t\t\t<img loading=\"lazy\" decoding=\"async\" class=\"skip-lazy\" src=\"https:\/\/tbg.nrr.temporary.site\/website_64a21a8e\/wp-content\/uploads\/2024\/04\/M01-300x167.jpg\" alt=\"M0,1\" width=\"300\" height=\"167\">\t\t<\/figure>\n\t<\/a>\n\t\t<\/div>\n<\/div>\n\t<div class=\"swiper-slide\">\n\t<div class=\"wpcp-single-item\">\n\t\t\t<a class=\"wcp-light-box\" data-buttons='[\"close\"]' data-wpc_url='https:\/\/tbg.nrr.temporary.site\/website_64a21a8e\/wp-content\/uploads\/2024\/04\/M02-300x199.jpg' href=\"https:\/\/tbg.nrr.temporary.site\/website_64a21a8e\/wp-content\/uploads\/2024\/04\/M02.jpg\" data-fancybox=\"wpcp_view\">\n\t\t<figure>\n\t\t\t<img loading=\"lazy\" decoding=\"async\" class=\"skip-lazy\" src=\"https:\/\/tbg.nrr.temporary.site\/website_64a21a8e\/wp-content\/uploads\/2024\/04\/M02-300x199.jpg\" alt=\"M0,2\" width=\"300\" height=\"199\">\t\t<\/figure>\n\t<\/a>\n\t\t<\/div>\n<\/div>\n\t<div class=\"swiper-slide\">\n\t<div class=\"wpcp-single-item\">\n\t\t\t<a class=\"wcp-light-box\" data-buttons='[\"close\"]' data-wpc_url='https:\/\/tbg.nrr.temporary.site\/website_64a21a8e\/wp-content\/uploads\/2024\/04\/M0-300x219.jpg' href=\"https:\/\/tbg.nrr.temporary.site\/website_64a21a8e\/wp-content\/uploads\/2024\/04\/M0.jpg\" data-fancybox=\"wpcp_view\">\n\t\t<figure>\n\t\t\t<img loading=\"lazy\" decoding=\"async\" class=\"skip-lazy\" src=\"https:\/\/tbg.nrr.temporary.site\/website_64a21a8e\/wp-content\/uploads\/2024\/04\/M0-300x219.jpg\" alt=\"M0\" width=\"300\" height=\"219\">\t\t<\/figure>\n\t<\/a>\n\t\t<\/div>\n<\/div>\n\t<div class=\"swiper-slide\">\n\t<div class=\"wpcp-single-item\">\n\t\t\t<a class=\"wcp-light-box\" data-buttons='[\"close\"]' data-wpc_url='https:\/\/tbg.nrr.temporary.site\/website_64a21a8e\/wp-content\/uploads\/2024\/04\/M1-300x203.jpg' href=\"https:\/\/tbg.nrr.temporary.site\/website_64a21a8e\/wp-content\/uploads\/2024\/04\/M1.jpg\" data-fancybox=\"wpcp_view\">\n\t\t<figure>\n\t\t\t<img loading=\"lazy\" decoding=\"async\" class=\"skip-lazy\" src=\"https:\/\/tbg.nrr.temporary.site\/website_64a21a8e\/wp-content\/uploads\/2024\/04\/M1-300x203.jpg\" alt=\"M1\" width=\"300\" height=\"203\">\t\t<\/figure>\n\t<\/a>\n\t\t<\/div>\n<\/div>\n\t<div class=\"swiper-slide\">\n\t<div class=\"wpcp-single-item\">\n\t\t\t<a class=\"wcp-light-box\" data-buttons='[\"close\"]' data-wpc_url='https:\/\/tbg.nrr.temporary.site\/website_64a21a8e\/wp-content\/uploads\/2024\/04\/M2-300x199.jpg' href=\"https:\/\/tbg.nrr.temporary.site\/website_64a21a8e\/wp-content\/uploads\/2024\/04\/M2.jpg\" data-fancybox=\"wpcp_view\">\n\t\t<figure>\n\t\t\t<img loading=\"lazy\" decoding=\"async\" class=\"skip-lazy\" src=\"https:\/\/tbg.nrr.temporary.site\/website_64a21a8e\/wp-content\/uploads\/2024\/04\/M2-300x199.jpg\" alt=\"M2\" width=\"300\" height=\"199\">\t\t<\/figure>\n\t<\/a>\n\t\t<\/div>\n<\/div>\n\t<div class=\"swiper-slide\">\n\t<div class=\"wpcp-single-item\">\n\t\t\t<a class=\"wcp-light-box\" data-buttons='[\"close\"]' data-wpc_url='https:\/\/tbg.nrr.temporary.site\/website_64a21a8e\/wp-content\/uploads\/2024\/04\/M5-300x197.jpg' href=\"https:\/\/tbg.nrr.temporary.site\/website_64a21a8e\/wp-content\/uploads\/2024\/04\/M5.jpg\" data-fancybox=\"wpcp_view\">\n\t\t<figure>\n\t\t\t<img loading=\"lazy\" decoding=\"async\" class=\"skip-lazy\" src=\"https:\/\/tbg.nrr.temporary.site\/website_64a21a8e\/wp-content\/uploads\/2024\/04\/M5-300x197.jpg\" alt=\"M5\" width=\"300\" height=\"197\">\t\t<\/figure>\n\t<\/a>\n\t\t<\/div>\n<\/div>\n\t<div class=\"swiper-slide\">\n\t<div class=\"wpcp-single-item\">\n\t\t\t<a class=\"wcp-light-box\" data-buttons='[\"close\"]' data-wpc_url='https:\/\/tbg.nrr.temporary.site\/website_64a21a8e\/wp-content\/uploads\/2024\/04\/M3-300x187.jpg' href=\"https:\/\/tbg.nrr.temporary.site\/website_64a21a8e\/wp-content\/uploads\/2024\/04\/M3.jpg\" data-fancybox=\"wpcp_view\">\n\t\t<figure>\n\t\t\t<img loading=\"lazy\" decoding=\"async\" class=\"skip-lazy\" src=\"https:\/\/tbg.nrr.temporary.site\/website_64a21a8e\/wp-content\/uploads\/2024\/04\/M3-300x187.jpg\" alt=\"M3\" width=\"300\" height=\"187\">\t\t<\/figure>\n\t<\/a>\n\t\t<\/div>\n<\/div>\n\t<div class=\"swiper-slide\">\n\t<div class=\"wpcp-single-item\">\n\t\t\t<a class=\"wcp-light-box\" data-buttons='[\"close\"]' data-wpc_url='https:\/\/tbg.nrr.temporary.site\/website_64a21a8e\/wp-content\/uploads\/2024\/04\/M4-300x169.jpg' href=\"https:\/\/tbg.nrr.temporary.site\/website_64a21a8e\/wp-content\/uploads\/2024\/04\/M4.jpg\" data-fancybox=\"wpcp_view\">\n\t\t<figure>\n\t\t\t<img loading=\"lazy\" decoding=\"async\" class=\"skip-lazy\" src=\"https:\/\/tbg.nrr.temporary.site\/website_64a21a8e\/wp-content\/uploads\/2024\/04\/M4-300x169.jpg\" alt=\"M4\" width=\"300\" height=\"169\">\t\t<\/figure>\n\t<\/a>\n\t\t<\/div>\n<\/div>\n\t\t\t<\/div>\n\t\t\t\t\t<div class=\"wpcp-swiper-dots swiper-pagination\"><\/div>\n\t\t\t\t<!-- If we need navigation buttons -->\n\t\t\t\t\t<div class=\"wpcp-prev-button swiper-button-prev\"><i class=\"fa fa-angle-left\"><\/i><\/div>\n\t\t\t<div class=\"wpcp-next-button swiper-button-next\"><i class=\"fa fa-angle-right\"><\/i><\/div>\n\t\t\t<\/div>\n\t<\/div>\n<\/div>\n\n\n\n\n<p class=\"has-text-align-center has-white-color has-midnight-gradient-background has-text-color has-background has-link-color wp-elements-2f80bbd5e747ad2d3ccacc85ca23e436\"><strong>MONSE\u00d1OR LEONIDAS PROA\u00d1O VILLALBA<\/strong><\/p>\n\n\n\n<p class=\"has-text-align-left\">El 29 de enero de 1910 nace Monse\u00f1or Leonidas Eduardo Proa\u00f1o Villalba quien luego de toda una vida entregada sin reservas a la liberaci\u00f3n de los oprimidos se convirtiera en el Profeta de Amerindia, el Pastor de los pobres, el Obispo de los Indios. San Antonio de Ibarra, Provincia de Imbabura, fue su lugar natal.<\/p>\n\n\n\n<p>Sus padres Agust\u00edn Proa\u00f1o y Zoila Villalba campesinos pobres dedicados a tejer sombreros de paja, fueron quienes lo educaron en los m\u00e1s altos valores humanos y en la fe cristiana desde la m\u00e1s tierna edad. Realiz\u00f3 sus estudios primarios en la Escuela Fiscal \u201cJuan Montalvo\u201d.<\/p>\n\n\n\n<p>Se orden\u00f3 como sacerdote a los 26 a\u00f1os y desempe\u00f1\u00f3 su ministerio durante 18 a\u00f1os en Ibarra dedic\u00e1ndolos con fuerza y decisi\u00f3n a la formaci\u00f3n juvenil de los m\u00e1s pobres mediante la organizaci\u00f3n de la Juventud Obrera Cat\u00f3lica (JOC) cuya metodolog\u00eda \u201cVer, Juzgar y Actuar\u201d marc\u00f3 toda su vida. En estos mismos a\u00f1os fund\u00f3 la Librer\u00eda \u201cCardijn\u201d, el bisemanario \u201cLa Verdad\u201d instancias que dinamizan la vida cultural de Ibarra.<\/p>\n\n\n\n<p>Su mayor sue\u00f1o al ser ordenado sacerdote fue ser \u201cp\u00e1rroco de indios\u201d pero esta gracia no le fue dada en esa etapa. El 29 de mayo de 1.954 el Papa P\u00edo XII lo consagr\u00f3 Obispo de Riobamba, cargo en el que realiz\u00f3 su m\u00e1s largo peregrinaje y magisterio y en el cual pudo plasmar su sue\u00f1o juvenil. En Chimborazo ve que la obra de \u201credenci\u00f3n\u201d del indigenado es enorme, y a esa causa entrega todas sus energ\u00edas. Funda ERPE (Escuelas Radiof\u00f3nicas Populares), el Centro de Estudios y Acci\u00f3n Social (CEAS), la Pastoral de Conjunto; los Equipos Pastorales, el Equipo Misionero Itinerante como medios para educar, formar, concientizar, evangelizar. Es el pionero en Ecuador de la alfabetizaci\u00f3n de los ind\u00edgenas en su lengua materna, y quien por primera vez \u2013 a\u00fan antes de la promulgaci\u00f3n de la primera Ley de Reforma Agraria- entrega, como acto de reparaci\u00f3n hist\u00f3rica, las tierras de la Curia Diocesana a los ind\u00edgenas, a quienes reconoci\u00f3 como sus \u00fanicos y leg\u00edtimo due\u00f1os.<\/p>\n\n\n\n<p>A nivel eclesial su acci\u00f3n fue enorme. Fue uno de los m\u00e1s destacados representantes latinoamericanos del ala progresista de la Iglesia. Sent\u00f3 las bases de una nueva concepci\u00f3n y acci\u00f3n de la Iglesia como pueblo de Dios, fue el art\u00edfice de la opci\u00f3n preferencial por los pobres. Como Padre Conciliar particip\u00f3 con aportes fundamentales en el Concilio Vaticano. Su participaci\u00f3n en Medell\u00edn y Puebla proveyerona estos documentos un sellos singular.<br>Su ardua labor dio pie tambi\u00e9n para una nueva reflexi\u00f3n sobre el accionar pol\u00edtico en los sectores de la izquierda; promovi\u00f3, desde la creaci\u00f3n del Frente de Solidaridad del Chimborazo, toda una acci\u00f3n internacionalista solidaria con los pueblos en lucha. No hab\u00eda dolor en Am\u00e9rica Latina del cual no se haga eco: las Madres de la Plaza de Mayo; los Sandinistas, las v\u00edctimas de la represi\u00f3n de las feroces dictaduras de Pinochet en Chile, Strossner en Uruguay, Videla en Argentina\u2026. Estuvo muy cercano a los sufrimientos ocasionados por las masacres en Guatemala, El Salvador, Nicaragua\u2026<\/p>\n\n\n\n<p>Luego de su renuncia por l\u00edmite de edad, como Obispo de Riobamba, es nombrado, a pedido del movimiento ind\u00edgena nacional, Presidente del Departamento de Pastoral Ind\u00edgena de la Conferencia Episcopal Ecuatoriana, y desde cargo se consagra como verdadero Obispo de los Indios, a desarrollar con l\u00edderes ind\u00edgenas y agentes de pastoral el primer Plan de Pastoral Ind\u00edgena, instrumento clave para la defensa y garant\u00eda de los derechos de los pueblos ind\u00edgenas del Ecuador.<\/p>\n\n\n\n<p>Por los invalorables aportes eclesiol\u00f3gicos y teol\u00f3gicos se lo considera Padre de la Iglesia Latinoamericana y Padre de la Teolog\u00eda de la Liberaci\u00f3n en Am\u00e9rica Latina, a pesar de que no fue un te\u00f3logo de oficio. Con su transparente vida evang\u00e9lica mostr\u00f3 a creyentes y no creyentes que el camino de la resurrecci\u00f3n pasa por la adhesi\u00f3n y aut\u00e9ntica fe en Jesucristo Liberador y una sincera pr\u00e1ctica de la justicia social a favor de los m\u00e1s pobres entre los pobres.<br>Educador nato, con una pedagog\u00eda liberadora, basada en la el an\u00e1lisis de la realidad econ\u00f3mica y social a la luz del Evangelio y con gran respeto por las culturas ind\u00edgenas, logr\u00f3 que el ind\u00edgena recobrara su dignidad, su identidad y se organizara para su liberaci\u00f3n. Mons. Proa\u00f1o est\u00e1 en la ra\u00edz del gran \u00e1rbol que constituye el movimiento ind\u00edgena. Fue maestro, poeta, historiador, defensor de los derechos humanos y de los derechos de los pueblos ind\u00edgenas, periodista, internacionalista, \u201cuna monta\u00f1a que orienta y desaf\u00eda\u201d, \u201cun Chimborazo espiritual\u201d.<\/p>\n\n\n\n<p>Recibi\u00f3 varios doctorados honoris causa, numerosos premios y reconocimientos nacionales e internacionales y fue el primer ecuatoriano candidatizado en 1986 al Premio Nobel de la Paz. Sin embargo debido a su entrega a la defensa de la justicia y a la construcci\u00f3n del Reino de Dios fue blanco de duras cr\u00edticas y persecuciones tanto desde el Estado como desde la Jerarqu\u00eda Eclesial.<\/p>\n\n\n\n<p>En abril de 1974 llega a Riobamba el visitador Apost\u00f3lico P. Jorge Casanova SDB con resguardo policial, para fiscalizar al Obispo Rojo y Comunista y su obra, por orden de la Santa Sede a pedido de algunos Obispos ecuatorianos; y, en 1.976, junto con otros 17 obispos y sacerdotes, fue apresado por la dictadura militar de ese entonces, acusado de subversi\u00f3n.<\/p>\n\n\n\n<p>Escribi\u00f3 numerosas obras, gran mayor\u00eda de las cuales a\u00fan son in\u00e9ditas. Con los derechos de autor de sus libros, remuneraciones de conferencias y donativos, cre\u00f3 al final de sus d\u00edas \u2013en su testamento- la Fundaci\u00f3n Pueblo Indio del Ecuador y el Centro de Formaci\u00f3n de Misioneras Ind\u00edgenas con el encargo de dar continuidad a su enorme trabajo liberador. Muri\u00f3 pobre, sin tener d\u00f3nde reclinar su cabeza, el 31 de agosto de 1.988 y fue sepultado, seg\u00fan su propio deseo, en el Centro de Formaci\u00f3n de Misioneras Ind\u00edgenas ubicado en la comunidad ind\u00edgena de Pucahuaico, al pie del Taita Imbabura, cerca de su pueblo natal, desde donde nos contin\u00faa evangelizando.<\/p>\n\n\n\n<p>Filosof\u00eda de educaci\u00f3n de Monse\u00f1or Leonidas Proa\u00f1o<\/p>\n\n\n\n<blockquote class=\"wp-block-quote is-layout-flow wp-block-quote-is-layout-flow\">\n<p>\u201cEs fundamental educar al pueblo es indispensable que esta educaci\u00f3n no siga siendo lo que ha sido hasta ahora una domesticaci\u00f3n, sino una promoci\u00f3n del hombre en todas sus capacidades\u201d<\/p>\n<cite>Leonidas Proa\u00f1o<\/cite><\/blockquote>\n","protected":false},"excerpt":{"rendered":"<p>MONSE\u00d1OR LEONIDAS PROA\u00d1O VILLALBA El 29 de enero de 1910 nace Monse\u00f1or Leonidas Eduardo Proa\u00f1o Villalba quien luego de toda una vida entregada sin reservas a la liberaci\u00f3n de los oprimidos se convirtiera en el Profeta de Amerindia, el Pastor de los pobres, el Obispo de los Indios. San Antonio de Ibarra, Provincia de Imbabura, [&hellip;]<\/p>\n","protected":false},"author":1,"featured_media":0,"parent":0,"menu_order":0,"comment_status":"closed","ping_status":"closed","template":"","meta":{"footnotes":""},"class_list":["post-658","page","type-page","status-publish","hentry","wpbf-post"],"_links":{"self":[{"href":"https:\/\/tbg.nrr.temporary.site\/website_64a21a8e\/wp-json\/wp\/v2\/pages\/658","targetHints":{"allow":["GET"]}}],"collection":[{"href":"https:\/\/tbg.nrr.temporary.site\/website_64a21a8e\/wp-json\/wp\/v2\/pages"}],"about":[{"href":"https:\/\/tbg.nrr.temporary.site\/website_64a21a8e\/wp-json\/wp\/v2\/types\/page"}],"author":[{"embeddable":true,"href":"https:\/\/tbg.nrr.temporary.site\/website_64a21a8e\/wp-json\/wp\/v2\/users\/1"}],"replies":[{"embeddable":true,"href":"https:\/\/tbg.nrr.temporary.site\/website_64a21a8e\/wp-json\/wp\/v2\/comments?post=658"}],"version-history":[{"count":7,"href":"https:\/\/tbg.nrr.temporary.site\/website_64a21a8e\/wp-json\/wp\/v2\/pages\/658\/revisions"}],"predecessor-version":[{"id":1397,"href":"https:\/\/tbg.nrr.temporary.site\/website_64a21a8e\/wp-json\/wp\/v2\/pages\/658\/revisions\/1397"}],"wp:attachment":[{"href":"https:\/\/tbg.nrr.temporary.site\/website_64a21a8e\/wp-json\/wp\/v2\/media?parent=658"}],"curies":[{"name":"wp","href":"https:\/\/api.w.org\/{rel}","templated":true}]}}